82986?
2
What is the ten millions digit of 1754020852?
5
What is the tens digit of 1835476190?
9
What is the ten millions digit of 3065648069?
6
What is the millions digit of 616351361?
6
What is the ten thousands digit of 37375046?
7
What is the tens digit of 2455603123?
2
What is the hundreds digit of 235087871?
8
What is the tens digit of 196437696?
9
What is the ten thousands digit of 825984982?
8
What is the ten millions digit of 102152502?
0
What is the hundred millions digit of 3178716258?
1
What is the units digit of 45863404?
4
What is the tens digit of 910648613?
1
What is the units digit of 605637362?
2
What is the thousands digit of 1358634054?
4
What is the hundreds digit of 936780343?
3
What is the ten millions digit of 22857451?
2
What is the hundred millions digit of 1095614810?
0
What is the ten thousands digit of 4826748329?
4
What is the tens digit of 1120735555?
5
What is the billions digit of 7920917092?
7
What is the hundreds digit of 4427968983?
9
What is the billions digit of 7680269007?
7
What is the thousands digit of 1089399937?
9
What is the tens digit of 236492429?
2
What is the millions digit of 235020832?
5
What is the tens digit of 4258805352?
5
What is the ten thousands digit of 2880756238?
5
What is the ten millions digit of 210736782?
1
What is the hundred thousands digit of 145402272?
4
What is the ten millions digit of 4795354965?
9
What is the hundreds digit of 1859613062?
0
What is the millions digit of 3498118245?
8
What is the units digit of 58502512?
2
What is the billions digit of 2310814067?
2
What is the ten millions digit of 970150893?
7
What is the millions digit of 738843254?
8
What is the thousands digit of 129517264?
7
What is the thousands digit of 37324177?
4
What is the millions digit of 22301123?
2
What is the ten thousands digit of 1031875440?
7
What is the hundred millions digit of 205841268?
2
What is the thousands digit of 59141741?
1
What is the hundred millions digit of 8320463422?
3
What is the ten thousands digit of 306578510?
7
What is the tens digit of 270153069?
6
What is the units digit of 4988857?
7
What is the units digit of 45696267?
7
What is the thousands digit of 243650411?
0
What is the thousands digit of 12706948?
6
What is the ten thousands digit of 3394448503?
4
What is the hundred millions digit of 2477676797?
4
What is the units digit of 423132262?
2
What is the ten millions digit of 5308676605?
0
What is the tens digit of 83425509?
0
What is the hundred thousands digit of 49124704?
1
What is the hundreds digit of 9399733?
7
What is the millions digit of 23894125?
3
What is the hundreds digit of 472782837?
8
What is the tens digit of 334127100?
0
What is the ten millions digit of 385865633?
8
What is the thousands digit of 3483603243?
3
What is the thousands digit of 952034271?
4
What is the tens digit of 120625429?
2
What is the tens digit of 120892327?
2
What is the hundred thousands digit of 3905590494?
5
What is the hundred millions digit of 961424847?
9
What is the thousands digit of 1295760595?
0
What is the ten millions digit of 15986623?
1
What is the hundreds digit of 68173300?
3
What is the thousands digit of 108382135?
2
What is the thousands digit of 51029820?
9
What is the thousands digit of 68072676?
2
What is the ten thousands digit of 60872813?
7
What is the units digit of 406426934?
4
What is the thousands digit of 279940341?
0
What is the hundred thousands digit of 515453070?
4
What is the tens digit of 6024531186?
8
What is the millions digit of 1573742914?
3
What is the hundred millions digit of 996371567?
9
What is the hundreds digit of 3274805889?
8
What is the hundred millions digit of 1551892099?
5
What is the hundred thousands digit of 16249966?
2
What is the units digit of 90109963?
3
What is the units digit of 64150033?
3
What is the millions digit of 31457557?
1
What is the tens digit of 571089880?
8
What is the ten thousands digit of 2711710161?
1
What is the hundreds digit of 78679614?
6
What is the thousands digit of 66355085?
5
What is the ten thousands digit of 52473735?
7
What is the ten thousands digit of 66381833?
8
What is the hundreds digit of 25042482?
4
What is the units digit of 291258302?
2
What is the ten millions digit of 36184354?
3
What is the hundreds digit of 1084188337?
3
What is the units digit of 2899574291?
1
What is the thousands digit of 128162833?
2
What is the ten thousands digit of 37620514?
2
What is the hundred thousands digit of 1868636399?
6
What is the ten thousands digit of 62240818?
4
What is the hundred thousands digit of 871079259?
0
What is the units digit of 43482877?
7
What is the hundred thousands digit of 398670313?
6
What is the ten thousands digit of 26280211?
8
What is the hundred thousands digit of 147826247?
8
What is the thousands digit of 118177682?
7
What is the ten thousands digit of 175443332?
4
What is the millions digit of 11044154?
1
What is the ten millions digit of 1002617873?
0
What is the millions digit of 477371148?
7
What is the ten thousands digit of 163414670?
1
What is the tens digit of 530841177?
7
What is the tens digit of 127236632?
3
What is the ten thousands digit of 503554744?
5
What is the ten thousands digit of 432104085?
0
What is the hundred thousands digit of 2675622778?
6
What is the units digit of 3279296032?
2
What is the hundred millions digit of 216399423?
2
What is the units digit of 1468492480?
0
What is the tens digit of 93281332?
3
What is the hundred millions digit of 212469733?
2
What is the ten millions digit of 905544186?
0
What is the ten millions digit of 14102742?
1
What is the hundreds digit of 48424799?
7
What is the hundreds digit of 486013996?
9
What is the tens digit of 1578581650?
5
What is the hundreds digit of 4823311?
3
What is the ten thousands digit of 70428767?
2
What is the ten millions digit of 286283755?
8
What is the ten thousands digit of 119600512?
0
What is the tens digit of 1129496830?
3
What is the thousands digit of 44629582?
9
What is the units digit of 1941407678?
8
What is the hundreds digit of 63013264?
2
What is the ten thousands digit of 117615348?
1
What is the hundred millions digit of 1889712294?
8
What is the hundreds digit of 3607579331?
3
What is the ten thousands digit of 29470335?
7
What is the ten millions digit of 620458196?
2
What is the hundred millions digit of 172722444?
1
What is the billions digit of 6134457802?
6
What is the hundreds digit of 72679801?
8
What is the units digit of 229058016?
6
What is the ten millions digit of 154356440?
5
What is the tens digit of 142237323?
2
What is the thousands digit of 1149662137?
2
What is the ten millions digit of 797275766?
9
What is the millions digit of 318558779?
8
What is the tens digit of 2755535837?
3
What is the hundred thousands digit of 4181373890?
3
What is the units digit of 4851431035?
5
What is the hundreds digit of 771888395?
3
What is the hundreds digit of 877644346?
3
What is the hundred millions digit of 930818784?
9
What is the thousands digit of 235507307?
7
What is the units digit of 37720132?
2
What is the hundred thousands digit of 329798912?
7
What is the hundreds digit of 70173879?
8
What is the hundred thousands digit of 1643623201?
6
What is the millions digit of 12615850?
2
What is the millions digit of 42175411?
2
What is the hundred millions digit of 2578373917?
5
What is the hundred millions digit of 864912362?
8
What is the tens digit of 12502909?
0
What is the units digit of 34626796?
6
What is the thousands digit of 778611960?
1
What is the ten thousands digit of 56550914?
5
What is the hundreds digit of 49719219?
2
What is the hundred thousands digit of 5867854?
8
What is the ten millions digit of 101661561?
0
What is the thousands digit of 261998353?
8
What is the thousands digit of 1065535?
5
What is the ten millions digit of 48760582?
4
What is the hundred thousands digit of 67450683?
4
What is the units digit of 39631388?
8
What is the units digit of 102266700?
0
What is the hundred millions digit of 497791571?
4
What is the tens digit of 127516561?
6
What is the units digit of 468043233?
3
What is the ten millions digit of 492666369?
9
What is the hundred thousands digit of 1397704094?
7
What is the millions digit of 76